60?
True
Does 157 divide 411654?
True
Does 321 divide 5023276?
False
Is 39 a factor of 323817?
True
Is 102306 a multiple of 3?
True
Does 50 divide 683950?
True
Is 2 a factor of 855843?
False
Does 87 divide 1342758?
True
Is 83048 a multiple of 7?
True
Does 104 divide 212438?
False
Does 24 divide 1483158?
False
Is 23 a factor of 4687860?
True
Does 157 divide 3453944?
False
Does 642 divide 3088032?
False
Does 431 divide 392606?
False
Is 8367 a multiple of 151?
False
Is 284 a factor of 38908?
True
Is 2602262 a multiple of 21?
False
Is 18 a factor of 345179?
False
Is 278 a factor of 755604?
True
Does 1444 divide 3194128?
True
Does 2146 divide 17097182?
True
Is 27 a factor of 3580324?
False
Is 270 a factor of 585630?
True
Does 30 divide 1345029?
False
Does 40 divide 26894768?
False
Is 14 a factor of 78094?
False
Does 138 divide 34703?
False
Does 25 divide 3536079?
False
Does 15 divide 8348535?
True
Is 32 a factor of 10609472?
True
Does 171 divide 666156?
False
Is 5169 even?
False
Is 75006 a multiple of 54?
True
Is 1115 even?
False
Is 14 a factor of 266994?
True
Is 1383389 a multiple of 199?
False
Is 1060157 a multiple of 37?
False
Is 1134931 a multiple of 511?
True
Does 14 divide 203892?
False
Does 73 divide 389674?
True
Is 21590 a multiple of 25?
False
Is 465 a factor of 143685?
True
Is 285795 a multiple of 252?
False
Is 42 a factor of 546882?
True
Does 48 divide 155717?
False
Does 24 divide 11962198?
False
Is 1802362 a multiple of 610?
False
Is 38 a factor of 27513?
False
Is 35 a factor of 835030?
True
Is 950 a multiple of 13?
False
Is 1576641 a multiple of 173?
False
Is 135 a factor of 1165791?
False
Does 4 divide 60140?
True
Does 36 divide 2922178?
False
Does 32 divide 49664?
True
Does 16 divide 20611027?
False
Is 124141 a multiple of 2?
False
Does 958 divide 5445272?
True
Is 354090 a multiple of 222?
True
Is 100 a factor of 120000?
True
Is 68 a factor of 236708?
True
Is 3306446 a multiple of 277?
False
Is 596756 a multiple of 313?
False
Is 76650 a multiple of 102?
False
Does 218 divide 883990?
True
Is 110 a factor of 963631?
False
Is 142171 a multiple of 22?
False
Does 9 divide 1256627?
False
Is 375534 a multiple of 31?
True
Is 527 a factor of 1719601?
True
Is 7077 a multiple of 2?
False
Does 8 divide 16491?
False
Is 1864863 a multiple of 2093?
True
Is 9057048 a multiple of 1352?
True
Does 5 divide 51185?
True
Does 12 divide 1733736?
True
Is 102300 a multiple of 6?
True
Is 208054 a multiple of 20?
False
Is 9672310 a multiple of 8?
False
Is 163593 a multiple of 11?
False
Does 3 divide 31274?
False
Does 30 divide 480390?
True
Does 141 divide 341094?
False
Is 11276800 a multiple of 512?
True
Is 500 a factor of 1119500?
True
Is 408672 a multiple of 288?
True
Does 488 divide 887812?
False
Is 1807827 a multiple of 6?
False
Does 46 divide 129628?
True
Is 5 a factor of 1503499?
False
Is 48337 a multiple of 41?
False
Is 1749026 a multiple of 38?
True
Is 181 a factor of 238520?
False
Does 38 divide 143551?
False
Does 11 divide 270566?
False
Is 72745 a multiple of 11?
False
Does 7 divide 214949?
True
Is 19 a factor of 39589?
False
Is 8839 a multiple of 3?
False
Does 27 divide 1765395?
True
Is 4861134 a multiple of 81?
True
Is 134596 even?
True
Is 140890 a multiple of 193?
True
Is 3041640 a multiple of 105?
True
Is 232944 a multiple of 3?
True
Does 244 divide 669780?
True
Is 158 a factor of 2643455?
False
Is 1215 a factor of 8121060?
True
Is 2544128 a multiple of 512?
True
Is 19692536 a multiple of 8?
True
Is 64250 a multiple of 14?
False
Is 77666 a multiple of 14?
False
Does 1930 divide 30063633?
False
Is 1862537 a multiple of 370?
False
Does 6 divide 1434?
True
Does 13 divide 204412?
True
Is 55950 a multiple of 5?
True
Does 60 divide 11699760?
True
Is 864 a factor of 7532352?
True
Does 106 divide 13951402?
True
Is 3501864 a multiple of 36?
True
Is 30250 a multiple of 125?
True
Is 1620850 a multiple of 50?
True
Does 13 divide 462020?
True
Does 18 divide 8263800?
True
Does 9 divide 128088?
True
Does 35 divide 486640?
True
Is 6648400 a multiple of 8?
True
Does 137 divide 5243949?
True
Is 43998 a multiple of 20?
False
Is 311 a factor of 315916?
False
Is 80176 a multiple of 4?
True
Does 298 divide 615370?
True
Does 8 divide 14456?
True
Does 14 divide 507962?
True
Does 60 divide 4781970?
False
Is 127 a factor of 4872446?
False
Is 70680 a multiple of 76?
True
Does 36 divide 3307896?
True
Does 3 divide 30328?
False
Is 385 a factor of 1540081?
False
Is 249769 a multiple of 74?
False
Is 2 a factor of 656975?
False
Is 83 a factor of 743099?
True
Is 123 a factor of 510573?
True
Is 141764 a multiple of 3?
False
Is 8 a factor of 1436792?
True
Does 179 divide 10236115?
True
Is 131 a factor of 275755?
True
Is 14318584 a multiple of 14?
True
Is 8 a factor of 467617?
False
Is 651 a factor of 809693?
False
Does 518 divide 97384?
True
Does 179 divide 215695?
True
Is 275 a factor of 423921?
False
Is 64 a factor of 6244992?
True
Is 277536 a multiple of 8?
True
Does 380 divide 2722700?
True
Is 184 a factor of 3911472?
True
Does 31 divide 230442?
False
Is 19850691 a multiple of 564?
False
Is 17 a factor of 175969?
False
Is 19 a factor of 102097?
False
Is 40 a factor of 23726?
False
Is 7 a factor of 7952?
True
Is 12397473 a multiple of 873?
True
Is 1482800 a multiple of 158?
False
Does 11 divide 219693?
False
Is 1498776 a multiple of 317?
True
Does 79 divide 384967?
True
Is 27 a factor of 88938?
True
Does 143 divide 104962?
True
Is 13 a factor of 1988218?
False
Does 601 divide 3027838?
True
Is 150480 a multiple of 15?
True
Does 169 divide 90922?
True
Is 17033344 a multiple of 16?
True
Is 18539 a multiple of 2?
False
Does 84 divide 2494496?
False
Does 79 divide 271872?
False
Is 1517 a factor of 2366500?
False
Is 2145824 a multiple of 511?
False
Is 936585 a multiple of 45?
True
Is 14 a factor of 22722?
True
Is 4 a factor of 648594?
False
Does 207 divide 616558?
False
Does 42 divide 52416?
True
Does 38 divide 1178964?
False
Does 43 divide 14706086?
True
Is 907928 a multiple of 248?
True
Does 24 divide 1348717?
False
Is 33 a factor of 720110?
False
Does 272 divide 55124?
False
Is 937436 a multiple of 5?
False
Is 362450 a multiple of 22?
True
Is 61889 a multiple of 6?
False
Is 233889 a multiple of 53?
True
Is 2867516 a multiple of 331?
False
Does 64 divide 1314502?
False
Does 263 divide 235648?
True
Does 346 divide 28686?
False
Is 2879728 a multiple of 23?
False
Does 53 divide 347468?
True
Is 759060 a multiple of 9?
True
Does 5 divide 569537?
False
Is 249 a factor of 91383?
True
Is 27 a factor of 3247533?
True
Is 3557803 a multiple of 82?
False
Is 2781432 a multiple of 24?
True
Is 713031 a multiple of 697?
True
Is 35514 a multiple of 4?
False
Is 5089307 a multiple of 7?
False
Is 314168 a multiple of 227?
True
Does 380 divide 28226?
False
Does 12 divide 676459?
False
Is 57 a factor of 5643622?
False
Does 29 divide 1899657?
False
Is 23869 a multiple of 117?
False
Is 58 a factor of 5637198?
False
Does 635 divide 8850722?
False
Is 447 a factor of 7586484?
True
Does 1068 divide 1389468?
True
Does 3 divide 54930?
True
Is 133 a factor of 504336?
True
Is 1676 a factor of 3085516?
True
Is 220 a factor of 2154240?
True
Is 123 a factor of 3663186?
True
Is 1763866 a multiple of 758?
True
Does 23 divide 1005031?
True
Is 110 a factor of 527230?
True
Is 245 a factor of 69090?
True
Is 44362 a multiple of 20?
False
Does 2 divide 16931?
False
Is 157 a factor of 1733123?
True
Is 2924218 a multiple of 671?
True
Does 277 divide 188564?
False
Does 6 divide 209208?
True
Is 1045 a factor of 328130?
True
Is 474262 a multiple of 7?
False
Is 108 a factor of 539619?
False
Is 199 a factor of 16575904?
True
Does 2 divide 62551?
False
Is 1553767 a multiple of 6?
False
Does 32 divide 10880?
True
Does 5 divide 289590?
True
Is 131 a factor of 372603?
False
Is 12 a factor of 6569787?
False
Is 10369484 a multiple of 866?
True
Is 73 a factor of 56425?
False
Is 4 a factor of 21201?
False
Is 40 a factor of 30566?
False
Is 542 a factor of 183738?
True
Does 2 divide 33225?
False
Is 15568464 a multiple of 16?
True
Is 20 a factor of 213420?
True
Is 198449 a multiple of 28?
False
Is 10 a factor of 86897?
False
Is 20202 a multiple of 222?
True
Is 10 a factor of 372693?
False
Is 15 a factor of 427350?
True
Is 380 a factor o